{"id":248,"date":"2016-02-15T09:01:47","date_gmt":"2016-02-15T08:01:47","guid":{"rendered":"http:\/\/editionsprevention.com\/eboutique\/?page_id=248"},"modified":"2025-09-03T23:49:06","modified_gmt":"2025-09-03T22:49:06","slug":"conditions-generales-de-vente","status":"publish","type":"page","link":"https:\/\/editionsprevention.com\/eboutique\/conditions-generales-de-vente\/","title":{"rendered":"Conditions g\u00e9n\u00e9rales de vente"},"content":{"rendered":"<p>[et_pb_section fb_built=\u00a0\u00bb1&Prime; fullwidth=\u00a0\u00bbon\u00a0\u00bb custom_padding_last_edited=\u00a0\u00bbon|desktop\u00a0\u00bb admin_label=\u00a0\u00bbSection\u00a0\u00bb _builder_version=\u00a0\u00bb4.16&Prime; background_color=\u00a0\u00bb#ff9900&Prime; custom_padding_tablet=\u00a0\u00bb50px|0|50px|0&Prime; custom_padding_phone=\u00a0\u00bb\u00a0\u00bb transparent_background=\u00a0\u00bboff\u00a0\u00bb padding_mobile=\u00a0\u00bboff\u00a0\u00bb make_fullwidth=\u00a0\u00bboff\u00a0\u00bb use_custom_width=\u00a0\u00bboff\u00a0\u00bb width_unit=\u00a0\u00bbon\u00a0\u00bb global_colors_info=\u00a0\u00bb{}\u00a0\u00bb][et_pb_fullwidth_header title=\u00a0\u00bbConditions g\u00e9n\u00e9rales de vente\u00a0\u00bb content_max_width=\u00a0\u00bbnone\u00a0\u00bb admin_label=\u00a0\u00bbEn-t\u00eate plein \u00e9cran\u00a0\u00bb _builder_version=\u00a0\u00bb4.16&Prime; background_color=\u00a0\u00bbrgba(255, 255, 255, 0)\u00a0\u00bb button_one_letter_spacing_hover=\u00a0\u00bb0&Prime; button_two_letter_spacing_hover=\u00a0\u00bb0&Prime; global_colors_info=\u00a0\u00bb{}\u00a0\u00bb button_one_text_size__hover_enabled=\u00a0\u00bboff\u00a0\u00bb button_two_text_size__hover_enabled=\u00a0\u00bboff\u00a0\u00bb button_one_text_color__hover_enabled=\u00a0\u00bboff\u00a0\u00bb button_two_text_color__hover_enabled=\u00a0\u00bboff\u00a0\u00bb button_one_border_width__hover_enabled=\u00a0\u00bboff\u00a0\u00bb button_two_border_width__hover_enabled=\u00a0\u00bboff\u00a0\u00bb button_one_border_color__hover_enabled=\u00a0\u00bboff\u00a0\u00bb button_two_border_color__hover_enabled=\u00a0\u00bboff\u00a0\u00bb button_one_border_radius__hover_enabled=\u00a0\u00bboff\u00a0\u00bb button_two_border_radius__hover_enabled=\u00a0\u00bboff\u00a0\u00bb button_one_letter_spacing__hover_enabled=\u00a0\u00bbon\u00a0\u00bb button_one_letter_spacing__hover=\u00a0\u00bb0&Prime; button_two_letter_spacing__hover_enabled=\u00a0\u00bbon\u00a0\u00bb button_two_letter_spacing__hover=\u00a0\u00bb0&Prime; button_one_bg_color__hover_enabled=\u00a0\u00bboff\u00a0\u00bb button_two_bg_color__hover_enabled=\u00a0\u00bboff\u00a0\u00bb] [\/et_pb_fullwidth_header][\/et_pb_section][et_pb_section fb_built=\u00a0\u00bb1&Prime; admin_label=\u00a0\u00bbsection\u00a0\u00bb _builder_version=\u00a0\u00bb4.16&Prime; global_colors_info=\u00a0\u00bb{}\u00a0\u00bb][et_pb_row column_structure=\u00a0\u00bb2_3,1_3&Prime; admin_label=\u00a0\u00bbLigne\u00a0\u00bb _builder_version=\u00a0\u00bb4.16&Prime; background_size=\u00a0\u00bbinitial\u00a0\u00bb background_position=\u00a0\u00bbtop_left\u00a0\u00bb background_repeat=\u00a0\u00bbrepeat\u00a0\u00bb global_colors_info=\u00a0\u00bb{}\u00a0\u00bb][et_pb_column type=\u00a0\u00bb2_3&Prime; _builder_version=\u00a0\u00bb4.16&Prime; custom_padding=\u00a0\u00bb|||\u00a0\u00bb global_colors_info=\u00a0\u00bb{}\u00a0\u00bb custom_padding__hover=\u00a0\u00bb|||\u00a0\u00bb][et_pb_text admin_label=\u00a0\u00bbTexte\u00a0\u00bb _builder_version=\u00a0\u00bb4.27.4&Prime; background_size=\u00a0\u00bbinitial\u00a0\u00bb background_position=\u00a0\u00bbtop_left\u00a0\u00bb background_repeat=\u00a0\u00bbrepeat\u00a0\u00bb hover_enabled=\u00a0\u00bb0&Prime; use_border_color=\u00a0\u00bboff\u00a0\u00bb border_color=\u00a0\u00bb#ffffff\u00a0\u00bb border_style=\u00a0\u00bbsolid\u00a0\u00bb global_colors_info=\u00a0\u00bb{}\u00a0\u00bb sticky_enabled=\u00a0\u00bb0&Prime;]<\/p>\n<p class=\"p1\"><span class=\"s1\">Les pr\u00e9sentes conditions g\u00e9n\u00e9rales de vente s&rsquo;appliquent \u00e0 toutes les ventes conclues par le biais du site internet <a href=\"https:\/\/editionsprevention.com\/\">https:\/\/editionsprevention.com\/<\/a><\/span><\/p>\n<p class=\"p3\"><strong><span class=\"s1\">I. Commandes<\/span><\/strong><\/p>\n<p class=\"p1\"><span class=\"s1\">Les commandes peuvent \u00eatre transmises :<br \/><\/span><span class=\"s3\">\u2013 sur Internet : <a href=\"https:\/\/editionsprevention.com\/eboutique\">https:\/\/editionsprevention.com\/eboutique<\/a><a href=\"http:\/\/www.editionsprevention-boutique.com\/\"><span class=\"s2\"><br \/><\/span><\/a><\/span><span class=\"s3\">\u2013 par email : <a href=\"mailto:commande@editionsprevention.com\"><span class=\"s2\">commande@editionsprevention.com<br \/><\/span><\/a><\/span><span class=\"s1\">\u2013 par fax : 09.70.62.09.35<br \/><\/span><span class=\"s1\">\u2013 par courrier : \u00c9ditions Pr\u00e9vention \u2013 16 Rue Claude Chappe \/ Zac 2000 \u2013 97420 Le Port.<br \/><\/span><span class=\"s1\">Toute\u00a0 commande ne sera servie qu&rsquo;\u00e0 r\u00e9ception du r\u00e8glement.<\/span><\/p>\n<p class=\"p3\"><strong><span class=\"s1\">II. Prix<\/span><\/strong><\/p>\n<p class=\"p1\"><span class=\"s1\">Les prix affich\u00e9s sur le site s\u2019entendant net toutes taxes comprises (TTC), hors frais de port. Ces prix sont modifiables \u00e0 tout moment sans pr\u00e9avis, sachant que les articles seront factur\u00e9s sur la base en vigueur \u00e0 l\u2019enregistrement de la commande. Les produits livres sont vendus dans le respect des dispositions applicables et de la loi Lang sur le prix unique du livre. Ce prix, hors frais de port, \u00e9tant fix\u00e9 par l\u2019\u00e9diteur. Le montant de la commande est factur\u00e9 et payable en euros. Ce montant est payable en totalit\u00e9 et en un seul versement \u00e0 la commande. Pour les clients membres de l\u2019Union europ\u00e9enne, les commandes seront factur\u00e9es hors taxes (HT) sous r\u00e9serve de la communication, lors de la transaction sur le site, d\u2019un num\u00e9ro d\u2019identification VAT. Pour toute exp\u00e9dition de produits des DOM vers la France m\u00e9tropolitaine, les \u00e9ventuels frais de douanes ou taxes locales restent \u00e0 la charge du destinataire et rel\u00e8vent de sa responsabilit\u00e9. Nous conseillons aux clients concern\u00e9s de se renseigner aupr\u00e8s des autorit\u00e9s locales.<\/span><\/p>\n<p class=\"p3\"><strong><span class=\"s1\">III. Frais de port<\/span><\/strong><\/p>\n<p class=\"p1\"><span class=\"s1\">Les frais de port sont applicables par article. Ils comprennent une participation aux frais de pr\u00e9paration, d\u2019emballage, de conditionnement, d&rsquo;acheminement vers le transporteur et d\u2019affranchissement. Ils sont forfaitaires, compos\u00e9s d\u2019une partie fixe et d\u2019une partie en fonction du nombre d\u2019articles command\u00e9s. Seule la zone g\u00e9ographique en fait varier le montant.<\/span><\/p>\n<p class=\"p3\"><strong><span class=\"s1\">IV. Paiement<\/span><\/strong><\/p>\n<p class=\"p1\"><span class=\"s1\">Le r\u00e8glement peut s\u2019effectuer :<br \/><\/span><span class=\"s1\">\u2013 par carte bancaire en ligne (paiement s\u00e9curis\u00e9 SSL). Le client sera appel\u00e9 \u00e0 saisir le n\u00b0 de sa carte, la date d&rsquo;expiration ainsi que le n\u00b0 de contr\u00f4le. Les transactions sont trait\u00e9es par Paybox.<br \/><\/span><span class=\"s1\">\u2013 par carte bancaire dont les donn\u00e9es sont fournies par courrier ou par fax. Le client suivra alors les indications du processus de commande (imprimer la confirmation de commande, la compl\u00e9ter manuellement avec ses r\u00e9f\u00e9rences carte bancaire puis nous adresser ce document sign\u00e9). Le montant de la commande n\u2019est d\u00e9bit\u00e9 qu\u2019au moment de l\u2019exp\u00e9dition des articles depuis nos locaux. En cas d\u2019indisponibilit\u00e9 d\u00e9finitive d\u2019un article, la carte bancaire du client ne sera pas d\u00e9bit\u00e9e.<br \/><\/span><span class=\"s1\">\u2013 par ch\u00e8que en euros, compensable dans une banque fran\u00e7aise, \u00e0 l&rsquo;ordre de \u00ab\u00c9ditions Pr\u00e9vention \u00bb. Le client devra adresser son ch\u00e8que accompagn\u00e9 de la confirmation de commande \u00e0 l\u2019adresse suivante: \u00c9ditions Pr\u00e9vention \u2013 16 Rue Claude Chappe \/ Zac 2000 \u2013 97420 Le Port.<br \/><\/span><span class=\"s1\">\u2013 par virement bancaire, tous les frais bancaires restant \u00e0 la charge du demandeur. La commande est trait\u00e9e \u00e0 r\u00e9ception des fonds correspondant au virement.<\/span><\/p>\n<p class=\"p3\"><strong><span class=\"s1\">V. Facturation<\/span><\/strong><\/p>\n<p class=\"p1\"><span class=\"s1\">La facture d\u2019achat est jointe aux articles command\u00e9s lors de la livraison <\/span><span class=\"s2\">ou communiqu\u00e9e par email (format PDF).<\/span><span class=\"s1\"> <\/span><\/p>\n<p class=\"p3\"><strong><span class=\"s1\">VI. Livraison<\/span><\/strong><\/p>\n<p class=\"p1\"><span class=\"s1\">La livraison est effectu\u00e9e \u00e0 l\u2019adresse indiqu\u00e9e par l\u2019acqu\u00e9reur (personnelle ou professionnelle). Les envois sont effectu\u00e9s par la Poste en mode s\u00e9curis\u00e9 (courrier suivi) ou ordinaire ou par un transporteur en cas de demande expresse en ce sens. Le d\u00e9lai d\u2019acheminement indicatif varie entre <\/span><span class=\"s2\">4<\/span><span class=\"s1\"> et 15 jours ouvrables selon le mode d\u2019exp\u00e9dition <\/span><span class=\"s3\">retenu et la zone g\u00e9ographique (nationale ou internationale).<\/span><\/p>\n<p class=\"p3\"><strong><span class=\"s1\">VII. Disponibilit\u00e9 des articles<\/span><\/strong><\/p>\n<p class=\"p1\"><span class=\"s1\">En cas d\u2019indisponibilit\u00e9 d\u2019un article, le client en est inform\u00e9 dans les meilleurs d\u00e9lais par e-mail ou par courrier. En cas de rupture de stock temporaire de l&rsquo;article, le client a le choix d\u2019annuler sa commande en contactant le service clients : <a href=\"mailto:serviceclients@editionsprevention.com\"><span class=\"s2\">serviceclients@editionsprevention.com<\/span><\/a><\/span><\/p>\n<p class=\"p5\"><strong><span class=\"s1\">VIII. R\u00e9tractation<\/span><\/strong><\/p>\n<p class=\"p1\"><span class=\"s1\">Conform\u00e9ment \u00e0 la loi Chatel, le droit de r\u00e9tractation est de 7 jours ouvrables (\u00e0 r\u00e9ception du produit achet\u00e9). Ce droit ne s&rsquo;applique, toutefois, pas aux entreprises. Pendant ce d\u00e9lai de 7 jours, le client particulier peut retourner le ou les produits acquis sur notre site et sera rembours\u00e9 int\u00e9gralement sous 30 jours maximum. Attention, certains produits sont exclus de ce droit de r\u00e9tractation si l&#8217;emballage a \u00e9t\u00e9 ouvert. Les livres, journaux, magazines et p\u00e9riodiques en font partie. Aucun produit achet\u00e9 sur notre site par un particulier ne sera donc rembours\u00e9 d\u00e8s lors que l&#8217;emballage aura \u00e9t\u00e9 ouvert.<\/span><\/p>\n<p class=\"p5\"><strong><span class=\"s1\">IX. Acceptation de l\u2019acqu\u00e9reur<\/span><\/strong><\/p>\n<p class=\"p1\"><span class=\"s1\">Les pr\u00e9sentes conditions g\u00e9n\u00e9rales de vente ainsi que les tarifs sont express\u00e9ment agr\u00e9\u00e9s et accept\u00e9s par l\u2019acqu\u00e9reur, qui d\u00e9clare et reconna\u00eet en avoir une parfaite connaissance, et renonce, de ce fait, \u00e0 se pr\u00e9valoir de tout document contradictoire et, notamment, ses propres conditions g\u00e9n\u00e9rales d\u2019achat, l\u2019acte d\u2019achat entra\u00eenant acceptation des pr\u00e9sentes conditions g\u00e9n\u00e9rales de vente. Les pr\u00e9sentes conditions sont modifiables \u00e0 tout moment sans pr\u00e9avis par la soci\u00e9t\u00e9 EDITIONS PREVENTION.<\/span><\/p>\n<p>[\/et_pb_text][\/et_pb_column][et_pb_column type=\u00a0\u00bb1_3&Prime; _builder_version=\u00a0\u00bb4.16&Prime; custom_padding=\u00a0\u00bb|||\u00a0\u00bb global_colors_info=\u00a0\u00bb{}\u00a0\u00bb custom_padding__hover=\u00a0\u00bb|||\u00a0\u00bb][\/et_pb_column][\/et_pb_row][\/et_pb_section]<\/p>\n","protected":false},"excerpt":{"rendered":"<p>Les pr\u00e9sentes conditions g\u00e9n\u00e9rales de vente s&rsquo;appliquent \u00e0 toutes les ventes conclues par le biais du site internet https:\/\/editionsprevention.com\/ I. Commandes Les commandes peuvent \u00eatre transmises :\u2013 sur Internet : https:\/\/editionsprevention.com\/eboutique\u2013 par email : commande@editionsprevention.com\u2013 par fax : 09.70.62.09.35\u2013 par courrier : \u00c9ditions Pr\u00e9vention \u2013 16 Rue Claude Chappe \/ Zac 2000 \u2013 97420 Le [&hellip;]<\/p>\n","protected":false},"author":1,"featured_media":0,"parent":0,"menu_order":0,"comment_status":"closed","ping_status":"closed","template":"","meta":{"_et_pb_use_builder":"on","_et_pb_old_content":"","_et_gb_content_width":"","_monsterinsights_skip_tracking":false,"_monsterinsights_sitenote_active":false,"_monsterinsights_sitenote_note":"","_monsterinsights_sitenote_category":0,"footnotes":""},"class_list":["post-248","page","type-page","status-publish","hentry"],"aioseo_notices":[],"_links":{"self":[{"href":"https:\/\/editionsprevention.com\/eboutique\/wp-json\/wp\/v2\/pages\/248","targetHints":{"allow":["GET"]}}],"collection":[{"href":"https:\/\/editionsprevention.com\/eboutique\/wp-json\/wp\/v2\/pages"}],"about":[{"href":"https:\/\/editionsprevention.com\/eboutique\/wp-json\/wp\/v2\/types\/page"}],"author":[{"embeddable":true,"href":"https:\/\/editionsprevention.com\/eboutique\/wp-json\/wp\/v2\/users\/1"}],"replies":[{"embeddable":true,"href":"https:\/\/editionsprevention.com\/eboutique\/wp-json\/wp\/v2\/comments?post=248"}],"version-history":[{"count":5,"href":"https:\/\/editionsprevention.com\/eboutique\/wp-json\/wp\/v2\/pages\/248\/revisions"}],"predecessor-version":[{"id":7050,"href":"https:\/\/editionsprevention.com\/eboutique\/wp-json\/wp\/v2\/pages\/248\/revisions\/7050"}],"wp:attachment":[{"href":"https:\/\/editionsprevention.com\/eboutique\/wp-json\/wp\/v2\/media?parent=248"}],"curies":[{"name":"wp","href":"https:\/\/api.w.org\/{rel}","templated":true}]}}