{"id":825,"date":"2020-08-03T21:41:48","date_gmt":"2020-08-03T20:41:48","guid":{"rendered":"https:\/\/editionsprevention.com\/eboutique\/?post_type=product&#038;p=825"},"modified":"2026-02-09T02:48:29","modified_gmt":"2026-02-09T01:48:29","slug":"50-livres-le-manuel-de-reference-prevention-securite-sante-au-travail-de-a-a-z-nouvelle-edition","status":"publish","type":"product","link":"https:\/\/editionsprevention.com\/eboutique\/produit\/50-livres-le-manuel-de-reference-prevention-securite-sante-au-travail-de-a-a-z-nouvelle-edition\/","title":{"rendered":"OFFRE EXCLUSIVE CETTE SEMAINE ! 50 Livres \u00e0 -50% !"},"content":{"rendered":"<p>[et_pb_section fb_built=\u00a0\u00bb1&Prime; _builder_version=\u00a0\u00bb4.16&Prime; custom_padding=\u00a0\u00bb0px||||false|false\u00a0\u00bb global_colors_info=\u00a0\u00bb{}\u00a0\u00bb][et_pb_row _builder_version=\u00a0\u00bb4.16&Prime; background_size=\u00a0\u00bbinitial\u00a0\u00bb background_position=\u00a0\u00bbtop_left\u00a0\u00bb background_repeat=\u00a0\u00bbrepeat\u00a0\u00bb width=\u00a0\u00bb100%\u00a0\u00bb custom_padding=\u00a0\u00bb0px||0px||false|false\u00a0\u00bb global_colors_info=\u00a0\u00bb{}\u00a0\u00bb][et_pb_column type=\u00a0\u00bb4_4&Prime; _builder_version=\u00a0\u00bb4.16&Prime; custom_padding=\u00a0\u00bb|||\u00a0\u00bb global_colors_info=\u00a0\u00bb{}\u00a0\u00bb custom_padding__hover=\u00a0\u00bb|||\u00a0\u00bb][et_pb_wc_breadcrumb _builder_version=\u00a0\u00bb4.16&Prime; global_colors_info=\u00a0\u00bb{}\u00a0\u00bb][\/et_pb_wc_breadcrumb][et_pb_wc_cart_notice _builder_version=\u00a0\u00bb4.16&Prime; global_colors_info=\u00a0\u00bb{}\u00a0\u00bb][\/et_pb_wc_cart_notice][\/et_pb_column][\/et_pb_row][et_pb_row column_structure=\u00a0\u00bb1_2,1_2&Prime; _builder_version=\u00a0\u00bb4.16&Prime; background_size=\u00a0\u00bbinitial\u00a0\u00bb background_position=\u00a0\u00bbtop_left\u00a0\u00bb background_repeat=\u00a0\u00bbrepeat\u00a0\u00bb width=\u00a0\u00bb100%\u00a0\u00bb custom_padding=\u00a0\u00bb0px||||false|false\u00a0\u00bb global_colors_info=\u00a0\u00bb{}\u00a0\u00bb][et_pb_column type=\u00a0\u00bb1_2&Prime; _builder_version=\u00a0\u00bb4.16&Prime; custom_padding=\u00a0\u00bb|||\u00a0\u00bb global_colors_info=\u00a0\u00bb{}\u00a0\u00bb custom_padding__hover=\u00a0\u00bb|||\u00a0\u00bb][et_pb_wc_images _builder_version=\u00a0\u00bb4.16&Prime; global_colors_info=\u00a0\u00bb{}\u00a0\u00bb][\/et_pb_wc_images][\/et_pb_column][et_pb_column type=\u00a0\u00bb1_2&Prime; _builder_version=\u00a0\u00bb4.16&Prime; custom_padding=\u00a0\u00bb|||\u00a0\u00bb global_colors_info=\u00a0\u00bb{}\u00a0\u00bb custom_padding__hover=\u00a0\u00bb|||\u00a0\u00bb][et_pb_wc_title _builder_version=\u00a0\u00bb4.16&Prime; global_colors_info=\u00a0\u00bb{}\u00a0\u00bb][\/et_pb_wc_title][et_pb_wc_rating _builder_version=\u00a0\u00bb4.16&Prime; global_colors_info=\u00a0\u00bb{}\u00a0\u00bb][\/et_pb_wc_rating][et_pb_wc_price _builder_version=\u00a0\u00bb4.16&Prime; global_colors_info=\u00a0\u00bb{}\u00a0\u00bb][\/et_pb_wc_price][et_pb_wc_add_to_cart _builder_version=\u00a0\u00bb4.16&Prime; global_colors_info=\u00a0\u00bb{}\u00a0\u00bb][\/et_pb_wc_add_to_cart][et_pb_wc_description _builder_version=\u00a0\u00bb4.16&Prime; global_colors_info=\u00a0\u00bb{}\u00a0\u00bb][\/et_pb_wc_description][\/et_pb_column][\/et_pb_row][et_pb_row _builder_version=\u00a0\u00bb4.16&Prime; background_size=\u00a0\u00bbinitial\u00a0\u00bb background_position=\u00a0\u00bbtop_left\u00a0\u00bb background_repeat=\u00a0\u00bbrepeat\u00a0\u00bb width=\u00a0\u00bb100%\u00a0\u00bb global_colors_info=\u00a0\u00bb{}\u00a0\u00bb][et_pb_column type=\u00a0\u00bb4_4&Prime; _builder_version=\u00a0\u00bb4.16&Prime; custom_padding=\u00a0\u00bb|||\u00a0\u00bb global_colors_info=\u00a0\u00bb{}\u00a0\u00bb custom_padding__hover=\u00a0\u00bb|||\u00a0\u00bb][et_pb_wc_tabs _builder_version=\u00a0\u00bb4.16&Prime; global_colors_info=\u00a0\u00bb{}\u00a0\u00bb] [\/et_pb_wc_tabs][et_pb_wc_upsells _builder_version=\u00a0\u00bb4.16&Prime; global_colors_info=\u00a0\u00bb{}\u00a0\u00bb][\/et_pb_wc_upsells][\/et_pb_column][\/et_pb_row][\/et_pb_section]<\/p>\n","protected":false},"excerpt":{"rendered":"<p><span style=\"color: #00a4fc;\">NOUVELLE \u00c9DITION &#8211; EXP\u00c9DITION PREMIUM<br \/>\nTOUTES DESTINATIONS NATIONALES ET INTERNATIONALES<\/span><\/p>\n<h3><span style=\"color: #ff6600;\"><strong>Offre Exclusive cette Semaine !<br \/>\n<\/strong><\/span><strong><span style=\"color: #808080;\"><span style=\"color: #00a4fc;\">50 exemplaires \u00e0 -50% !<br \/>\n<\/span><\/span><\/strong><strong>\u00a0<\/strong><\/h3>\n<h4><strong><span style=\"color: #808080;\">Le Manuel de R\u00e9f\u00e9rence vous aide \u00e0 renforcer la culture de pr\u00e9vention dans\/de votre entreprise !<\/span><\/strong><\/h4>\n<h4><span style=\"color: #808080;\">Vous souhaitez offrir des exemplaires \u00e0 vos visiteurs, clients\/prospects, adh\u00e9rents, nouvelles recrues, salari\u00e9s en formation&#8230;, ainsi qu&rsquo;\u00e0 l&rsquo;ensemble de vos collaborateurs afin de les \u00ab\u00a0informer sur les risques pour la sant\u00e9 et la s\u00e9curit\u00e9\u00a0\u00bb (conform\u00e9ment au Code du travail, Art. L.4141\u20111) et de <\/span><span style=\"color: #808080;\">renforcer la culture de pr\u00e9vention dans votre entreprise <\/span><span style=\"color: #808080;\">?<\/span><\/h4>\n<h4><\/h4>\n<h4><\/h4>\n<p>&nbsp;<\/p>\n<p><a href=\"https:\/\/editionsprevention.com\/le-manuel-de-reference\">Les experts, dirigeants, pr\u00e9venteurs&#8230;, offrent une ovation au Manuel de R\u00e9f\u00e9rence ! CLIQUEZ ICI et d\u00e9couvrez ce qu&rsquo;ils en disent ! <\/a><\/p>\n<blockquote><p><strong>Une v\u00e9ritable Bible de la Pr\u00e9vention des Risques au travail !!!<br \/>\n<\/strong>Inforisque<\/p><\/blockquote>\n","protected":false},"featured_media":723,"template":"","meta":{"_et_pb_use_builder":"on","_et_pb_old_content":"<span class=\"s2\">Auteur : Albert DAVID\r\n<\/span><span class=\"s2\">Distributeur : \u00c9ditions Pr\u00e9vention\r\n<\/span><span class=\"s2\">768 Pages couleur\r\nPr\u00e9face : Jean AUROUX, ancien Ministre du Travail\r\n<\/span><span class=\"s2\">Format\u00a0: 16,5 x 3.4 x 23,5\r\nPoids du livre\u00a0: 1.6 kg\r\n<\/span><span class=\"s2\">ISBN-13\u00a0: 978-2953922417\r\nEAN : 9782953922417<\/span>\r\n<p class=\"p1\"><span class=\"s1\"><strong>Description\r\n<\/strong><\/span><span class=\"s1\">La l\u00e9gislation sur la s\u00e9curit\u00e9 au travail vous semble trop dense, complexe, ind\u00e9chiffrable\u2026 ? Rassurez-vous, le Manuel de R\u00e9f\u00e9rence a pens\u00e9 \u00e0 vous ! Tout ce que vous devez savoir pour \u00e9valuer et maitriser les risques professionnels figure dans ce <strong>guide absolument unique sans aucun \u00e9quivalent aujourd\u2019hui (768 pages) !<\/strong> Tout est pass\u00e9 en revue de mani\u00e8re claire et pr\u00e9cise afin de faciliter votre recherche et votre compr\u00e9hension de la loi, <\/span><span class=\"s2\">enti\u00e8rement rassembl\u00e9e et d\u00e9crypt\u00e9e,<\/span><span class=\"s1\"> et de vous permettre d\u2019\u00e9tablir une strat\u00e9gie de pr\u00e9vention et de sant\u00e9 au travail efficace. Avec, en prime, les \u00ab\u00a0actions essentielles de s\u00e9curit\u00e9\u00a0\u00bb \u00e0 mener pour chaque cat\u00e9gorie de risque et les r\u00e9flexes en situation d\u2019urgence. Le tout de A \u00e0 Z !<\/span><\/p>\r\n<p class=\"p1\"><strong>L'auteur\r\n<\/strong>Journaliste en radio et presse \u00e9crite, \u00e9crivain depuis une trentaine d\u2019ann\u00e9es, Albert DAVID est sp\u00e9cialis\u00e9 dans les questions de pr\u00e9vention et de sant\u00e9 au travail. R\u00e9dacteur, chroniqueur dans plusieurs publications en France m\u00e9tropolitaine, r\u00e9dacteur-en-chef de magazines de pr\u00e9vention dans les D\u00e9partements d\u2019Outremer (Ile de la R\u00e9union, Martinique, Guadeloupe, Guyane), il est \u00e9galement l\u2019auteur de : <i>\u00ab Pr\u00e9vention, S\u00e9curit\u00e9, Sant\u00e9 au Travail : Le Guide d\u2019Urgence (2004) ; \u00ab Pr\u00e9vention, S\u00e9curit\u00e9, Sant\u00e9 \u00e0 l\u2019Ecole de A \u00e0 Z (2006) \u00bb ; \u00ab Le Manuel de R\u00e9f\u00e9rence \u2013 Pr\u00e9vention, S\u00e9curit\u00e9, Sant\u00e9 au Travail de A \u00e0 Z ! \u00bb (2011).\r\n<\/i><i>Contact auteur\u00a0:\u00a0<a href=\"mailto:albertdavid@editionsprevention.com\">albertdavid@editionsprevention.com<\/a><\/i><\/p>","_et_gb_content_width":"","_monsterinsights_skip_tracking":false,"_monsterinsights_sitenote_active":false,"_monsterinsights_sitenote_note":"","_monsterinsights_sitenote_category":0},"product_brand":[],"product_cat":[42,10],"product_tag":[],"class_list":{"0":"post-825","1":"product","2":"type-product","3":"status-publish","4":"has-post-thumbnail","6":"product_cat-achat-multiple","7":"product_cat-nos-livres","8":"product_shipping_class-livraison-50-livres","10":"first","11":"instock","12":"sale","13":"featured","14":"taxable","15":"shipping-taxable","16":"purchasable","17":"product-type-simple"},"aioseo_notices":[],"_links":{"self":[{"href":"https:\/\/editionsprevention.com\/eboutique\/wp-json\/wp\/v2\/product\/825","targetHints":{"allow":["GET"]}}],"collection":[{"href":"https:\/\/editionsprevention.com\/eboutique\/wp-json\/wp\/v2\/product"}],"about":[{"href":"https:\/\/editionsprevention.com\/eboutique\/wp-json\/wp\/v2\/types\/product"}],"wp:featuredmedia":[{"embeddable":true,"href":"https:\/\/editionsprevention.com\/eboutique\/wp-json\/wp\/v2\/media\/723"}],"wp:attachment":[{"href":"https:\/\/editionsprevention.com\/eboutique\/wp-json\/wp\/v2\/media?parent=825"}],"wp:term":[{"taxonomy":"product_brand","embeddable":true,"href":"https:\/\/editionsprevention.com\/eboutique\/wp-json\/wp\/v2\/product_brand?post=825"},{"taxonomy":"product_cat","embeddable":true,"href":"https:\/\/editionsprevention.com\/eboutique\/wp-json\/wp\/v2\/product_cat?post=825"},{"taxonomy":"product_tag","embeddable":true,"href":"https:\/\/editionsprevention.com\/eboutique\/wp-json\/wp\/v2\/product_tag?post=825"}],"curies":[{"name":"wp","href":"https:\/\/api.w.org\/{rel}","templated":true}]}}